/9 - (-2872)/36 is divided by 22?
14
Let p(t) = -t**3 + 2*t**2 + 4*t - 3. Let o be p(3). Suppose o*n = 3*n. Let c(r) = -r + 3. Calculate the remainder when 5 is divided by c(n).
2
Let t(r) = -3*r + 7. Calculate the remainder when 18 is divided by t(0).
4
Let m(z) = -z**2 - 19*z - 13. What is the remainder when m(-9) is divided by 26?
25
Let s be (15 - 1)/(18/9). Let u = -1 - 4. Let g = s - u. What is the remainder when 22 is divided by g?
10
Let q be (0*(-1)/2)/2. Let f = 22 + q. Calculate the remainder when 64 is divided by f.
20
Let v(t) = t**3 - 2*t**2 + 3*t - 1. What is the remainder when v(3) is divided by 4?
1
Suppose -w - 2*w = -6. Suppose 0 = -w*v + 40. What is the remainder when 78 is divided by v?
18
Let v = -12 + 24. Calculate the remainder when (14/(-3))/((-4)/v) is divided by 5.
4
Suppose 125 = -q + 217. Calculate the remainder when q is divided by 12.
8
Let c(o) = o**3 + 7*o**2 + 6*o + 7. What is the remainder when c(-6) is divided by 4?
3
Let h(c) = 2*c + 3. Let k(p) = -p**2 - 10*p - 8. What is the remainder when k(-6) is divided by h(3)?
7
Let k(o) = o**2 - 3*o + 16. Calculate the remainder when k(-6) is divided by (-4 - 2)*-2*2.
22
Suppose -1 = 5*i - 11. Let x(j) = j**2 - 7*j + 2. Let n be x(7). What is the remainder when n + (0/(-2))/i is divided by 2?
0
Calculate the remainder when 268/12 + (-4)/(-6) is divided by 12.
11
Let j be (-6)/(-9) - (-202)/3. What is the remainder when 66 is divided by (-10)/4*j/(-10)?
15
Let n be 5*4/50*5. Suppose 3*h = u - 19 - 28, u = n*h + 47. What is the remainder when u is divided by 24?
23
What is the remainder when 20*(4 - 4 - -1) is divided by 12?
8
Suppose -5*z - c = 2*c, -4*z = 3*c - 3. Let v = z - -3. Suppose v = -2*y + 34 - 6. Calculate the remainder when 27 is divided by y.
13
Calculate the remainder when 168 - (14/(-5) + (-6)/30) is divided by 43.
42
Let s = 34 - 7. Calculate the remainder when s is divided by 15.
12
Let a be (-4)/18 - 1070/45. Let l = -17 - a. What is the remainder when 20 is divided by l?
6
Let q = 160 + -43. What is the remainder when q is divided by 17?
15
Let z(t) = t**2 + 12 + 11*t**3 - 7 - 6. What is the remainder when 40 is divided by z(1)?
7
Suppose j = -0*j. Suppose v + 4*h - 26 = j, -v + 3*v - 17 = -h. Calculate the remainder when 10 is divided by v.
4
Let l(t) = -4*t - 7. Let f be l(-5). Suppose 4*d - 5*x = -f, -4 - 6 = -5*d + x. Calculate the remainder when 13 + 6/(-9)*d is divided by 6.
5
Let b = 10 + -6. What is the remainder when b is divided by 7 - (-3 - (-39)/9)*3?
1
Let n(v) = v**3 - 8*v**2 + v - 4. Let b = 12 + -4. Let g be n(b). Suppose -g*t + 34 = -3*t. What is the remainder when t is divided by 18?
16
Suppose -3*q - 2 = -233. Calculate the remainder when q is divided by 26.
25
Let o = 9 - 17. Calculate the remainder when 12 is divided by ((-14)/4)/(4/o).
5
Let h be (0/((-9)/3))/(-2). Suppose h = 4*j + 3*r - 24 - 22, 0 = -2*r + 4. Calculate the remainder when 19 is divided by j.
9
Suppose -5*u - 4*l = 38, 0 = -4*u + 3*l - 9 - 9. Let d be -14*((-15)/u + -2). Calculate the remainder when 2 is divided by 5/7 + (-2)/d.
0
Let h = 4 + -1. Suppose h*b - 5*v - 24 = 2*b, 2*b - 5*v = 73. What is the remainder when b is divided by 25?
24
Let d(f) = 7*f**2 - 2*f - 10. Let o(s) = 8*s**2 - 3*s - 10. Let a(i) = 7*d(i) - 6*o(i). Calculate the remainder when 32 is divided by a(-7).
10
Suppose 0 = -6*x + 5*x + 2*h + 113, -h = 4*x - 434. Calculate the remainder when x is divided by 7.
4
Let j(i) = -i**3 - 2*i - 1. Calculate the remainder when 32 is divided by j(-2).
10
Suppose q - 139 = -4*q + 4*d, -50 = -2*q - 4*d. Calculate the remainder when q is divided by 11.
5
Suppose 6*y + 6 = 8*y. Calculate the remainder when 22 is divided by y.
1
Suppose 0 = 5*m + 1 - 101. Suppose 47 = v + 9. What is the remainder when v is divided by m?
18
Suppose 0 = 67*x - 46*x - 1008. Calculate the remainder when x is divided by 20*(10/8)/1.
23
Let u(l) = l - 1. Let v be u(-6). Let o = -2 - v. Suppose 5*s - 5*r - 14 = 36, o*r + 25 = 0. What is the remainder when 13 is divided by s?
3
Suppose 3*k + 7*h = 2*h + 21, -4*k - 2*h + 42 = 0. Calculate the remainder when 71 is divided by k.
11
Suppose g - 24 = -0*t - t, -80 = -3*g + t. Calculate the remainder when g is divided by 10.
6
Let w = 13 + -42. Let a = w + 48. Calculate the remainder when 37 is divided by a.
18
Let i(b) = 2*b**3 - 19*b - 2 + b**2 + 19*b. Calculate the remainder when 35 is divided by i(2).
17
Suppose 0 + 10 = 5*w - 2*g, -5*g + 8 = 4*w. Suppose -37 = -w*v + 15. Calculate the remainder when v is divided by 14.
12
Suppose -79 = 5*i - 299. Suppose -5*o + 46 = -i. Calculate the remainder when 34 is divided by o.
16
Let r(a) = 2*a**2 + 4*a - 1. Let h = -11 + 18. Let d = h - -2. What is the remainder when d is divided by r(-3)?
4
Suppose -12*k = -11*k - 21. Calculate the remainder when 41 is divided by k.
20
Let c(q) = -q**3 + 4*q**2 - q - 1. Suppose 0 = 4*x + 2 - 6, 0 = -3*s - x + 1. Suppose 4 = 2*d - s. Calculate the remainder when c(3) is divided by d.
1
Let m = -38 - -60. Suppose -4*b - 24 = -188. What is the remainder when b is divided by m?
19
What is the remainder when ((-3)/6)/((-2)/24) is divided by 5?
1
Let j(t) = 97*t - 1. Let w be j(2). Suppose 4*r = u + w, 2*r + 3*r - 239 = 2*u. What is the remainder when r is divided by 25?
24
Suppose -38 = -3*c - 14. Suppose -2*n - n + 69 = 0. What is the remainder when n is divided by c?
7
Let s(y) = -y - 2. Let x(c) = c**2 - 2. Calculate the remainder when s(-6) is divided by x(2).
0
Suppose -242 = 9*z - 1259. What is the remainder when z is divided by 29?
26
Suppose -11*f + 9*f = -12. Suppose -8*o = -4*o - 5*s - 103, 5*s = -3*o + 51. Calculate the remainder when o is divided by f.
4
Let l = -103 + 137. What is the remainder when l is divided by (1/1 + 3)*3?
10
Suppose -5*g + 5 + 25 = 0. Let x(f) = -2*f**2 + 3*f**2 - 5*f - 4 + 3. What is the remainder when x(g) is divided by 2?
1
Let h = -30 - -42. What is the remainder when 58 is divided by h?
10
Suppose 16 = -3*f + 22. What is the remainder when 10 is divided by f?
0
Suppose -d - 5*g = 3*d - 15, -4*d = -g - 45. Calculate the remainder when 28 is divided by d.
8
Suppose -3*d - 39 = 2*l - 4*l, 5*l - 3*d = 93. What is the remainder when 71 is divided by l?
17
Let v = -22 - -13. Let y = v + 13. Let x = y - -2. Calculate the remainder when 17 is divided by x.
5
Let u be 5 + -3*(0 - -1). What is the remainder when 7 is divided by (u/(-6))/((-7)/84)?
3
Let o be 2*1*6/4. Suppose -3*v + o*i = -24, i = -3*i. Calculate the remainder when 13 is divided by v.
5
Let w(h) = 5*h**2 - 4 - 4*h + 0*h**2 + 5*h - h**3. Calculate the remainder when (-1)/2*0 + 50 is divided by w(3).
16
Suppose 2*v - 229 = -4*p + 67, 4*p + 5*v - 302 = 0. Let q = 1 - 6. Let c(s) = s**2 + s + 5. Calculate the remainder when p is divided by c(q).
23
Let g(i) = -2*i**3 - 2*i**2 - 2*i + 15. What is the remainder when 283 is divided by g(-3)?
55
Let q be (49/(-2))/(2/(-4)). Let h = 70 - q. What is the remainder when h is divided by 8?
5
Let x(o) = -o**3 + 2*o + 2. Calculate the remainder when 29 is divided by x(-2).
5
Let g(s) = 6 - s + 0 + 1 + 6. What is the remainder when 23 is divided by g(0)?
10
Let l be 4/(-16) + 401/4. Suppose -2*r - l = -7*r. Calculate the remainder when r is divided by 11.
9
Let s(x) = -19*x**3 - x**2 - x. Calculate the remainder when 35 is divided by s(-1).
16
Let t(o) = -o**3 - 6*o**2 - 5*o + 2. Let h be -10*(1 - (-1)/(-2)). What is the remainder when 5 is divided by t(h)?
1
Let q(z) = 3*z - 5. Let k(c) = -6*c**3 - 5*c**2 - 5*c - 1. Calculate the remainder when q(6) is divided by k(-1).
3
Suppose -2*y + 53 + 43 = -5*u, y - 2*u = 50. What is the remainder when y is divided by 12?
10
Suppose 12 = -0*w + 3*w. Calculate the remainder when 5 is divided by w.
1
What is the remainder when 50 is divided by (4/((-36)/(-3)))/((-1)/(-39))?
11
Suppose -2*j - 8 = -4*j - 5*d, -4*j - d + 16 = 0. Suppose -2*l + 2*z - 4 = 0, -j*l + 2*z - 2 = -0*z. Calculate the remainder when l is divided by 1.
0
Let g = 8 - 6. Let w(a) = a + 11 - a + 0*a + a. What is the remainder when g is divided by w(-9)?
0
Let q be (4 + -6 - 2) + 74. Let n = 101 - q. Calculate the remainder when n is divided by 1 + 11 + 2/(-2).
9
Let g(k) = -10*k**3 + 2*k**2 + 4*k + 4. Let q be g(-3).